{"id":504,"date":"2018-11-21T12:22:18","date_gmt":"2018-11-21T11:22:18","guid":{"rendered":"http:\/\/zolamap.zici.fr\/blog\/?page_id=504"},"modified":"2025-09-03T09:15:11","modified_gmt":"2025-09-03T07:15:11","slug":"miel-plantes","status":"publish","type":"page","link":"https:\/\/zolamap.fr\/index.php\/miel-plantes\/","title":{"rendered":"Miel &#038; Plantes"},"content":{"rendered":"<div class=\"post-content\">\n<p>Les prochaines distributions:<\/p>\n\n\n\n<p>16\/10\/2025<\/p>\n\n\n\n<p>13\/11\/2025<\/p>\n\n\n\n<p>04\/12\/2025<\/p>\n\n\n\n<p>23\/12\/2025<\/p>\n\n\n\n<p>22\/01\/2026<\/p>\n\n\n\n<p>26\/02\/2026<\/p>\n\n\n\n<p>26\/03\/2026<\/p>\n\n\n\n<h2 class=\"wp-block-heading\"><span style=\"color: #ff6600;\"><strong><span style=\"color: #000000;\">Elise Cellard<\/span> &nbsp;<\/strong><\/span><img loading=\"lazy\" decoding=\"async\" class=\"size-medium wp-image-517 alignright\" src=\"https:\/\/13185511.admin.sd3.gpaas.net\/vhosts\/zolamap.fr\/htdocs\/wp-content\/uploads\/2018\/11\/LesMielises_LOGO_transparent_petit-300x165.png\" alt=\"\" width=\"300\" height=\"165\"><\/h2>\n\n\n\n<p><span style=\"font-weight: 400;\">Les mi\u00e9lises, c\u2019est une ferme dans les Monts du Lyonnais, sur laquelle Elise Cellard et sa petite \u00e9quipe cultivent des plantes sur un demi-hectare et extraient le miel d\u2019une centaine de ruches, r\u00e9parties dans la r\u00e9gion, au plus loin possible des pollutions. Le rucher est 100% Bio.<\/span><\/p>\n\n\n<div class=\"wp-block-image\">\n<figure class=\"alignleft\"><img loading=\"lazy\" decoding=\"async\" width=\"300\" height=\"225\" src=\"https:\/\/13185511.admin.sd3.gpaas.net\/vhosts\/zolamap.fr\/htdocs\/wp-content\/uploads\/2018\/11\/IMG_0870-300x225.jpg\" alt=\"\" class=\"wp-image-507\" srcset=\"https:\/\/zolamap.fr\/wp-content\/uploads\/2018\/11\/IMG_0870-300x225.jpg 300w, https:\/\/zolamap.fr\/wp-content\/uploads\/2018\/11\/IMG_0870.jpg 640w\" sizes=\"auto, (max-width: 300px) 100vw, 300px\" \/><\/figure>\n<\/div>\n\n\n<p>D<span style=\"font-weight: 400;\">ans cette ferme, on aime les insectes -m\u00eame les plus moches-, on travaille beaucoup mais en chantant, on pose des abreuvoirs pour les abeilles, et chacun de nos jardins a un nom inspirant ou idiot &#8211; <\/span><i><span style=\"font-weight: 400;\">la haie-risson, la serre-humaine, le jardin M\u00e9diterran\u00e9e, Hypathia, etc. &#8211; <\/span><\/i><span style=\"font-weight: 400;\">car on a besoin de s\u2019y retrouver dans notre liste de plus de 40 plantes !<\/span><\/p>\n\n\n\n<p>N<span style=\"font-weight: 400;\">ous proposons une belle gamme de produits gourmands tir\u00e9s de la Ruche et du jardin de Plantes Aromatiques, dans une d\u00e9marche vivante, cr\u00e9ative et \u00e9thique.<\/span><\/p>\n\n\n\n<p>Depuis 2022 toute la ferme est officiellement au <strong>label biologique<\/strong>. Le nombre de ruches peut varier entre 100 et 300 ! <br>Cet automne sonne le grand retour du miel de fleurs d&rsquo;acacia. H\u00e9las cet hiver, on note aussi l&rsquo;absence&nbsp;de miel de ch\u00e2taignier et sapin depuis maintenant 2 ans. Le miel de fleurs des coteaux du Lyonnais sera bien diff\u00e9rent de celui de l&rsquo;ann\u00e9e derni\u00e8re. Et pour les habitu\u00e9s, vous retrouverez le fid\u00e8le miel de fleurs de tilleul et de ronce !<\/p>\n\n\n<div class=\"wp-block-image\">\n<figure class=\"aligncenter size-large\"><img loading=\"lazy\" decoding=\"async\" width=\"1024\" height=\"365\" src=\"https:\/\/13185511.admin.sd3.gpaas.net\/vhosts\/zolamap.fr\/htdocs\/wp-content\/uploads\/2022\/10\/septembre-abeilles1-1024x365.jpg\" alt=\"\" class=\"wp-image-2290\" srcset=\"https:\/\/zolamap.fr\/wp-content\/uploads\/2022\/10\/septembre-abeilles1-1024x365.jpg 1024w, https:\/\/zolamap.fr\/wp-content\/uploads\/2022\/10\/septembre-abeilles1-300x107.jpg 300w, https:\/\/zolamap.fr\/wp-content\/uploads\/2022\/10\/septembre-abeilles1-768x274.jpg 768w, https:\/\/zolamap.fr\/wp-content\/uploads\/2022\/10\/septembre-abeilles1.jpg 1150w\" sizes=\"auto, (max-width: 1024px) 100vw, 1024px\" \/><\/figure>\n<\/div>\n\n\n<p><\/p>\n\n\n\n<h2 class=\"wp-block-heading\"><a href=\"https:\/\/emojipedia.org\/fr\/pot-de-miel\/\">\ud83c\udf6f<\/a> Les produits de la ferme \ud83c\udf3f<\/h2>\n\n\n\n<p class=\"has-background\" style=\"background-color:#00d15f\">T<span style=\"color: #000000;\">oute la ferme est officiellement au label biologique<\/span> (Miels &amp; Plantes) \ud83c\udf89<br>L<span style=\"color: #000000;\">es confiseries utilisent des ingr\u00e9dients Bio (sucre, amandes, etc.). <\/span><\/p>\n\n\n<div class=\"wp-block-image\">\n<figure class=\"alignright is-resized\"><img decoding=\"async\" src=\"https:\/\/www.afnor.org\/wp-content\/uploads\/2019\/10\/label_certification_bio.png\" alt=\"Vous traitez avec des producteurs bio ? Vous aussi, affichez-vous AB -  Groupe AFNOR\" style=\"width:478px;height:320px\"\/><\/figure>\n<\/div>\n\n\n<p>Bonbon Safran Miel \/ 70g 4,50 \u20ac<br>Bonbons Miel \/ 70g 3,80 \u20ac<br>Bonbons Miel \/ 150g 6,60 \u20ac<br>Bougie Cire d&rsquo;abeille \/ 6 heures 2,60 \u20ac<\/p>\n\n\n\n<p>Guimauve nature 130g 4,25\u20ac<\/p>\n\n\n\n<p>Guimauve safran 80g 4,50\u20ac<br>Miel Tilleul-Ronce \/ 500g 9,50 \u20ac<\/p>\n\n\n\n<p>Miel Tilleul-Ronce \/ 250g 6,00 \u20ac<br>Nougat Nature \/ 110g 5,50 \u20ac<br>Nougat safran \/ 110g 6,50 \u20ac<\/p>\n\n\n\n<p>M\u00e9linoise (pur\u00e9e de noisettes, miel) : 500g 13\u20ac<\/p>\n\n\n\n<p>M\u00e9linoise (pur\u00e9e de noisettes, miel) : 250g 6,8\u20ac<\/p>\n\n\n\n<p><br>Pain d&rsquo;Epices Nature \/ 350g 5,50 \u20ac<\/p>\n\n\n\n<p><br>Pain d&rsquo;Epices Gingembre \/ 350g 6,80 \u20ac<br>Pain d&rsquo;Epices Gingembre-Chocolat \/ 350g 6,80 \u20ac<br>Pain d&rsquo;Epices Nature gros \/ 500g 7,50 \u20ac<br>Pain d&rsquo;Epices Noisettes-Chocolat \/ 350g 6,80 \u20ac<br>Pain d&rsquo;Epices Noisettes-Raisins \/ 350g 6,80 \u20ac<br>Pain d&rsquo;Epices Orange \/ 350g 6,50 \u20ac<br>Pain d&rsquo;Epices Orange Chocolat \/ 350g 6,80 \u20ac<br>\u00ab\u00a0Barbe d&rsquo;Odin\u00a0\u00bb plantes pour c\u00e9r\u00e9ales, patate, quiche, champignons,<br>desserts \/ 20g 6,00 \u20ac<br>\u00ab\u00a0Chance de Loki\u00a0\u00bb plantes pour volaille, oeufs, poisson, desserts \/ 20g 6,65 \u20ac<br>\u00ab\u00a0Marteau de Thor\u00a0\u00bb plantes pour viandes, fromages, pizza, l\u00e9gumes \/ 20g 6,65 \u20ac<br>Coriandre graines \/ 25g 4,65 \u20ac<br>Romarin poudre \/ 20g 4,65 \u20ac<br>Safran pistil \/ 0,5g 15,00 \u20ac<br>Safran pistil \/ 1g 25,00 \u20ac<br>Sarriette poudre \/ 20g 4,65 \u20ac<br>Sauge poudre \/ 10g 4,65\u20ac<\/p>\n\n\n\n<p>Laurier feuille 25g 4,00\u20ac<\/p>\n\n\n\n<p><\/p>\n\n\n\n<p>Si vous n&rsquo;avez pas encore de mot de passe Clic&rsquo;amap, merci de nous envoyer un message par le formulaire de <a href=\"https:\/\/13185511.admin.sd3.gpaas.net\/vhosts\/zolamap.fr\/htdocs\/index.php\/contact\/\">contact<\/a>.<\/p>\n\n\n\n<p><span style=\"font-size: 10pt;\">Ici nos b\u00e9n\u00e9voles-woofers, Florentin et Blandine, qui s&rsquo;adonnent au foulage \u00e0 l&rsquo;ancienne (semence de roquette)<\/span><br><iframe loading=\"lazy\" src=\"\/\/www.youtube.com\/embed\/p64hzjSsQBE?feature=youtu\" allowfullscreen=\"allowfullscreen\" width=\"560\" height=\"314\"><\/p><\/iframe><\/p>\n<\/div>","protected":false},"excerpt":{"rendered":"<p>Les prochaines distributions: 16\/10\/2025 13\/11\/2025 04\/12\/2025 23\/12\/2025 22\/01\/2026 26\/02\/2026 26\/03\/2026<a href=\"https:\/\/zolamap.fr\/index.php\/miel-plantes\/\">Read More<i class=\"fa fa-long-arrow-right\" aria-hidden=\"true\"><\/i><\/a><\/p>\n","protected":false},"author":1,"featured_media":1241,"parent":0,"menu_order":0,"comment_status":"closed","ping_status":"closed","template":"","meta":{"footnotes":""},"class_list":["post-504","page","type-page","status-publish","has-post-thumbnail","hentry"],"_links":{"self":[{"href":"https:\/\/zolamap.fr\/index.php\/wp-json\/wp\/v2\/pages\/504","targetHints":{"allow":["GET"]}}],"collection":[{"href":"https:\/\/zolamap.fr\/index.php\/wp-json\/wp\/v2\/pages"}],"about":[{"href":"https:\/\/zolamap.fr\/index.php\/wp-json\/wp\/v2\/types\/page"}],"author":[{"embeddable":true,"href":"https:\/\/zolamap.fr\/index.php\/wp-json\/wp\/v2\/users\/1"}],"replies":[{"embeddable":true,"href":"https:\/\/zolamap.fr\/index.php\/wp-json\/wp\/v2\/comments?post=504"}],"version-history":[{"count":3,"href":"https:\/\/zolamap.fr\/index.php\/wp-json\/wp\/v2\/pages\/504\/revisions"}],"predecessor-version":[{"id":17544,"href":"https:\/\/zolamap.fr\/index.php\/wp-json\/wp\/v2\/pages\/504\/revisions\/17544"}],"wp:featuredmedia":[{"embeddable":true,"href":"https:\/\/zolamap.fr\/index.php\/wp-json\/wp\/v2\/media\/1241"}],"wp:attachment":[{"href":"https:\/\/zolamap.fr\/index.php\/wp-json\/wp\/v2\/media?parent=504"}],"curies":[{"name":"wp","href":"https:\/\/api.w.org\/{rel}","templated":true}]}}